be (-11)/2 - (-9)/(-18). Let c(b) = b**2 + 6*b + 7. Is 2 a factor of c(x)?
False
Let a(k) = -k**3 + 3*k**2 + 5*k - 1. Let x be a(4). Suppose -13 = -x*s + 2. Suppose -43 = -s*w + l, 2*l + 33 = 5*w - 8. Does 7 divide w?
False
Is (-162)/(-8) + (-3)/12 a multiple of 6?
False
Suppose d + 10 = 6*d. Let z be (115/(-10) + -1)*14. Is d/8 + z/(-4) a multiple of 22?
True
Suppose 3*v + 5*a = -52, 0*v + a + 58 = -4*v. Does 22 divide (-617)/(-7) + 2/v?
True
Let w be -2 - (-3 + (-6 - -4)). Suppose 74 = 3*g - h - 31, 5*g - 171 = w*h. Is g a multiple of 7?
False
Suppose -5*a + 25 = -0*a. Let t(r) be the third derivative of r**5/30 - r**4/6 - r**3/3 + 3*r**2. Is t(a) a multiple of 11?
False
Is (-1 + -20)*-5*1 a multiple of 35?
True
Let k(q) = 2*q - 2. Let j be k(2). Suppose -2*h = -j*p + 22, 4*h - 14 = -4*p + 14. Does 3 divide p?
True
Does 20 divide 4/20 + 1/(-5) - -131?
False
Let m be 3 + (-1)/((-1)/(-6)). Let f(y) = -y**3 - y**2 + 4*y - 1. Is 5 a factor of f(m)?
True
Suppose -5*f - 3 = -18. Suppose -4*p - 57 = f. Does 7 divide -1 + -1 + 1 - p?
True
Suppose 0 = -9*a + 7*a + 4. Is 19/a*(5 + 3) a multiple of 25?
False
Let z(m) = 5*m**2 + 7*m + 41. Does 15 divide z(-6)?
False
Let a = -56 + 108. Is 13 a factor of a?
True
Let f(l) = -l**3 + 10*l**2 + 14*l - 10. Does 4 divide f(11)?
False
Suppose 2*g + 189 = -7*i + 4*i, -4*i - 2*g = 252. Suppose 8*z + 485 = 3*z. Let p = i - z. Is p a multiple of 20?
False
Suppose 11*h + 3*o = 10*h + 129, -h = 4*o - 130. Is h a multiple of 14?
True
Let b(g) = -g**2 + 15*g + 11. Is b(11) a multiple of 11?
True
Let i(z) = -19*z. Is 19 a factor of i(-4)?
True
Let t = 101 + -17. Does 12 divide t?
True
Let q(l) = -12*l + 9. Let k(t) = -35*t + 26. Let d(x) = -4*k(x) + 11*q(x). Is d(4) a multiple of 10?
False
Let j(n) = -n**3 + 7*n**2 + 4*n + 9. Let a be ((-7)/(-3))/(2/6). Does 16 divide j(a)?
False
Let f = 40 + -23. Is f a multiple of 4?
False
Let s(r) = -12*r**2 - 2*r - 4. Let n(o) = -11*o**2 - 2*o - 3. Let c(q) = -3*n(q) + 2*s(q). Is c(-2) a multiple of 11?
True
Let n(y) = -y**2 + 4*y + 1. Let o(b) = b**3 - 3*b**2 + 2*b - 3. Let j be o(3). Does 4 divide n(j)?
True
Suppose f + f = 42. Is 10 a factor of f?
False
Let t(z) = z**2 + 2*z + 2. Is 13 a factor of t(-6)?
True
Does 9 divide (-18)/(-72) - (-902)/8?
False
Suppose -3*i + 10 = -2*a + a, 14 = 5*i - a. Suppose i*o - 6*o - 3*x = -25, -3*x + 13 = o. Is o a multiple of 2?
True
Let y be (-2 + 6)*2/(-4). Does 16 divide y/((-3)/(-3)) + 21?
False
Let z(d) = d**2 + 4*d - 2. Is 6 a factor of z(-7)?
False
Let i be 0/4 - (0 + -146). Let s be (-12)/8*i/(-3). Let y = 107 - s. Is 13 a factor of y?
False
Suppose 2*h = 4*a - 100, h = -4*a + 28 + 72. Is ((-60)/a)/(4/(-90)) a multiple of 27?
True
Let a be (-2 + 1)/((-3)/15). Suppose 5*j = 4*n + 4 + 124, a*j = -4*n + 152. Does 7 divide j?
True
Let f(d) = d**2 + 3*d - 2. Let t be f(-4). Let j(y) = 6 + y**t + 6 - 14. Is j(5) a multiple of 14?
False
Let p(i) = i - 4. Let t be p(0). Is t/(-18) + (-516)/(-108) a multiple of 4?
False
Let s(o) = -1 - 2*o + o**2 + 3*o - 2*o - 4*o**3. Let m be s(-2). Let x = 52 - m. Is x a multiple of 15?
True
Let m = 2 - 0. Suppose -m = -y - 0. Let i = y + 3. Does 3 divide i?
False
Suppose 14 = 4*t - t + 5*p, 17 = 5*t + 2*p. Let i(f) = 2*f**t + 7*f**3 - f + f**2 + 1 + f**3. Is i(1) a multiple of 11?
True
Let r(l) = l**3 - 2*l**2 - 8*l + 7. Suppose 1 = 3*y - 14. Is 14 a factor of r(y)?
True
Is (-14)/35 + (-114)/(-10) a multiple of 4?
False
Let d be (1 - -29)*4/6. Let v(q) = -6*q**2. Let o be v(-1). Let m = d + o. Does 7 divide m?
True
Let a(y) = y**2 + 7*y + 6. Let u be 42/(-9) + (-4)/(-6). Let v be a(u). Let l = 11 + v. Does 5 divide l?
True
Suppose b = 14 + 21. Is 5 a factor of b?
True
Let o(a) = a**3 - 3*a**2 - 9*a - 7. Is 18 a factor of o(7)?
True
Let q(z) = 21*z**2 - 4*z + 3. Let f be -1 - -1 - 3 - -5. Let x be q(f). Suppose 0 = 3*m - 29 - x. Is m a multiple of 21?
False
Is 64/6*(7 + 66/(-12)) even?
True
Suppose y + 4*b + 20 = 1, -50 = 4*y + 3*b. Let a = y - -22. Is 11 a factor of a?
True
Let g be (-12)/(-4)*1/3. Suppose m - g = 2*q - 23, -5*m = 20. Does 9 divide q?
True
Let k(l) = l**3 - 10*l**2 + 15*l - 22. Is 16 a factor of k(9)?
True
Suppose 4*p - 3*k - 81 = 0, 0*p + 3*p = -4*k + 67. Is 4 a factor of p?
False
Let a(s) = 5*s**2 - 2*s - 1. Let c be a(-3). Let w = 86 - c. Suppose 0*p + 3*p = w. Is 12 a factor of p?
True
Let n(q) = q**3 - 7*q**2 + 5*q + 6. Let w be n(6). Suppose 4*s - 9 - 39 = w. Is s a multiple of 12?
True
Is ((-8)/10)/((-4)/250) a multiple of 6?
False
Let h(x) = x**3 + 4*x - 2. Let g(m) = -m**3 - 3*m**2 + 4*m. Let v be g(-4). Suppose 4*r + 0 - 12 = v. Is 14 a factor of h(r)?
False
Let j(c) = -2*c**2 - 9*c - 5. Let p(z) = z**2 + 5*z + 3. Let o(l) = -3*j(l) - 5*p(l). Let k be ((-3)/2)/(6/(-8)). Is o(k) a multiple of 8?
True
Is 8/24 + (0 - (-1726)/6) a multiple of 48?
True
Let v = -22 - -26. Is v even?
True
Suppose 3*d - 4*v + 6 = -2, 18 = 2*d + 2*v. Suppose -d*i - 3*y = i + 13, -5*i = -y + 9. Does 2 divide (-52)/(-9) - i/9?
True
Let q(p) = -p**3 - 4*p**2 - 2*p - 1. Let v be q(-5). Suppose 8*m + 48 = 4*m. Let c = v + m. Is c a multiple of 9?
False
Suppose -111 = -4*i + 5*x, -4*i + 2*x - 89 = -7*i. Suppose -5*w - i = -b, 0*b + 5*b - 3*w - 145 = 0. Is 12 a factor of b?
False
Let d = -3 - -5. Suppose 0 = 3*a - 2*k - 64, -d*k + 16 + 16 = a. Does 6 divide a?
True
Let a(w) = 29*w + 31. Does 45 divide a(8)?
False
Let i = -12 + 0. Is 13 a factor of 129/4 - (-3)/i?
False
Let t be ((-2)/6)/(3/81). Let f = 0 - t. Is 3 a factor of f?
True
Let d = -7 + 5. Let q = -5 - d. Does 19 divide 32/q*(3 + -6)?
False
Suppose 2*c - 7*x + 4 = -3*x, -5*c + 5*x + 5 = 0. Suppose -c*i = -47 - 149. Suppose -4*y = -i + 1. Does 6 divide y?
True
Let x(n) = 3*n**2 - 2*n + 2. Does 17 divide x(4)?
False
Suppose 4*w = 7*w - 6. Let t be 0/(w - (3 + 0)). Suppose t = 3*h + p - 2 - 24, -5*h = -5*p - 70. Does 8 divide h?
False
Suppose 305 = 3*x + 110. Does 13 divide x?
True
Suppose -4*s + 3*n + 147 = 0, 2 = -3*n + n. Does 4 divide s?
True
Let x(h) = 2*h**2 + h - 4. Let u be x(-3). Let a(y) = 6*y - 4. Does 11 divide a(u)?
False
Suppose 0*d - 2*d = 0. Let c be (-2)/(-7) - 82/(-7). Suppose c = -d*w + 4*w. Is 3 a factor of w?
True
Let x(t) = -t**3 + 5*t**2 - 2*t - 3. Let n = 8 + -4. Let k be x(n). Suppose 3*b = -3*f + 15, k*f = f + 3*b + 13. Is f a multiple of 4?
True
Let h(k) = -25*k. Suppose 6*t - t + 10 = 0. Let z be (-2 - -1)/(t/(-2)). Is 10 a factor of h(z)?
False
Let q(l) = 5*l - 4. Let s be q(6). Let t = s + -14. Is t a multiple of 4?
True
Let t(c) = c**2 - 3*c + 6. Is t(4) a multiple of 3?
False
Let k(u) = -8*u**3 - 3*u**2 - 2*u - 2. Let f be k(-2). Let q = 93 - f. Does 13 divide q?
True
Let h be (-8)/(-1 + (0 - -2)). Let l(j) = -12*j + 7. Let c be l(h). Let d = c + -72. Does 11 divide d?
False
Suppose 3*u - 5*j = 516, -4*j + j - 844 = -5*u. Suppose -61 = -4*l + u. Is 10 a factor of l?
False
Suppose -5*b + b = -8. Suppose 3*v = b*v - q + 48, 198 = 4*v + 2*q. Suppose 4*o - 3*z + 2 = 41, z - v = -4*o. Is 12 a factor of o?
True
Let p = 19 + -12. Does 2 divide p?
False
Suppose 4*d - v = v + 42, -2*d - 5*v + 27 = 0. Is 4/(-6) - d/(-3) a multiple of 3?
True
Suppose -3*x = -0 + 3. Let u = x - -4. Suppose 5*f + 67 = u*w - 0*f, -2*w + 5*f = -43. Is 20 a factor of w?
False
Suppose -18 = -3*w - 2*j + 31, 5*w + 5*j = 90. Is w a multiple of 4?
False
Let p be (1 + -4)*(-4)/3. Let v be (2 + -12)/(0 - 2). Suppose -4*k + 44 = -4*n, k + v = -p*n + 1. Is 5 a factor of k?
False
Suppose 58 = 2*r + 22. Does 4 divide r?
False
Let s = -3 - 6. Let c be 256/6 - 4/6. Does 5 divide (c/s)/((-2)/6)?
False
Does 19 divide (0 - -38) + 9 + -9?
True
Let d(p) = -2*p**2 + 10*p - 1. Let m(l) = 3*l**2 - 11*l + 2. Let r(g) = 4*d(g) + 3*m(g). Is r(-10) a multiple of 8?
True
Is (-26)/(7/((-182)/4)) a multiple of 32?
False
Let q = -8 - -11. Suppose -q*w = -w - 58. Let x = w + -18. Is x a multiple of 7?
False
Let b = 14 - 7. Does 7 divide (0 + -1 + 2)*b?
True
Let g(l) = -l**2 - 36*l - 35. Is g(-27) a multiple of 16?
True
Suppose 11*a + 28 = 15*a. Is 7 a factor of a?
True
Suppose 5*l + 3*q = 34 - 389, q - 213 = 3*l. Let u = l + 105. Is 6 a factor of u?
False
Let c = -72 - -144. Suppose -5*b = -3*m - c, 3*m + 56 = 4*b + m. Does 8 divide b?
False
Let q(c) = -5*c - 1. Let z be q(4). Let x = 